- 443. What is v(19)?
146
Let a(m) = m**3 + 4*m**2 - 32*m - 74. Calculate a(-6).
46
Let v(u) = 533*u - 9587. What is v(18)?
7
Let z(j) = -j**2 - 31*j + 3274. Calculate z(43).
92
Let q(h) = 5*h**2 + 8*h - 5. What is q(-6)?
127
Let s(q) = -2082*q + 16596. Give s(8).
-60
Let z(l) = -43*l + 1002. Calculate z(23).
13
Let m(h) = -2*h**3 - 57*h**2 - 32*h - 117. Determine m(-28).
-5
Let v(w) = w**2 + 24*w + 86. Calculate v(-4).
6
Let w(z) = 186*z + 3152. Calculate w(-17).
-10
Let t(k) = 885*k - 23894. What is t(27)?
1
Let z(r) = 248*r + 34727. Give z(-140).
7
Let j(l) = -19*l - 105. Give j(-6).
9
Let i(z) = 39*z**3 - 197*z**2 + 14*z - 5. Determine i(5).
15
Let x(w) = 340*w - 1026. What is x(3)?
-6
Let g(o) = -o**3 - 5*o**2 + 41*o - 203. Determine g(6).
-353
Let w(s) = -s**3 - 12*s**2 + 14*s - 24. Determine w(-13).
-37
Let i(z) = -z**2 + 225*z + 5968. Give i(249).
-8
Let c(k) = -2*k**2 + 3*k + 614. Calculate c(18).
20
Let r(g) = -4*g**2 - 2*g + 251. Give r(13).
-451
Let p(q) = -q**2 + 185*q - 1101. Calculate p(6).
-27
Let f(x) = 34*x + 561. Determine f(-17).
-17
Let u(r) = -r**2 - 17*r - 32. What is u(-29)?
-380
Let s(o) = o**3 - 15*o**2 + 33*o + 1. Calculate s(11).
-120
Let c(y) = -17320*y + 51966. Give c(3).
6
Let t(w) = 336*w + 33956. Give t(-101).
20
Let a(l) = -4*l**2 + 34*l + 375. What is a(15)?
-15
Let p(d) = -192*d + 747. Give p(4).
-21
Let j(m) = m**3 - 14*m**2 + 81*m - 231. What is j(7)?
-7
Let m(g) = g**2 - 62*g - 1142. What is m(77)?
13
Let x(o) = o**3 - 12*o**2 + 15*o. What is x(4)?
-68
Let n(p) = p**3 + 10*p**2 + 4*p - 48. Determine n(-8).
48
Let v(r) = -r**3 - 129*r**2 - 623*r - 380. Determine v(-124).
-8
Let w(g) = -g**3 - 24*g**2 - 22*g + 882. Determine w(-21).
21
Let i(d) = -d**3 - 8*d**2 + 61*d + 465. Determine i(-7).
-11
Let l(a) = -126*a - 2729. Determine l(-22).
43
Let y(n) = n**3 + 15*n**2 - 25*n - 137. Give y(-16).
7
Let d(u) = 779*u + 6223. What is d(-8)?
-9
Let a(q) = q**3 - 7*q**2 - 9*q - 17. Calculate a(10).
193
Let r(q) = 31*q**2 - 20*q + 1. Give r(-2).
165
Let a(v) = -1087*v + 5451. Determine a(5).
16
Let n(g) = -8943*g + 26822. Calculate n(3).
-7
Let x(d) = -309*d + 7120. What is x(23)?
13
Let r(d) = 25*d + 639. Determine r(-18).
189
Let q(f) = -7*f + 161. Calculate q(22).
7
Let q(u) = 12*u**2 + 224*u - 59. Calculate q(-19).
17
Let d(c) = c**3 + 3*c**2 - 16*c - 44. Calculate d(-3).
4
Let r(q) = q**3 - 31*q**2 + 23*q + 219. Calculate r(30).
9
Let o(p) = -92*p - 442. Calculate o(-4).
-74
Let a(c) = 2*c**2 - 71*c + 65. Give a(34).
-37
Let l(h) = 71*h + 1475. Calculate l(-22).
-87
Let n(i) = -5*i**3 - 864*i**2 + 171*i - 353. Determine n(-173).
-7
Let k(f) = -8*f + 120. What is k(15)?
0
Let w(s) = 3*s**3 - s**2 + 10. Calculate w(-3).
-80
Let m(g) = -3*g**2 + 93*g - 999. What is m(10)?
-369
Let p(b) = 2*b**2 + 49*b + 96. Determine p(-2).
6
Let x(p) = 1003*p + 91277. Give x(-91).
4
Let b(m) = -381*m - 752. Give b(-2).
10
Let v(a) = -30*a + 97. Calculate v(-1).
127
Let o(y) = y**3 - y**2 - 3*y + 8. Give o(-3).
-19
Let o(k) = -4*k**2 + 208*k + 124. Calculate o(54).
-308
Let u(m) = -m**2 - 2*m + 21. Give u(-12).
-99
Let w(b) = 161*b - 16. Calculate w(-2).
-338
Let j(c) = 7*c**2 + 578*c - 250. What is j(-83)?
-1
Let m(n) = 10*n**2 + 14*n - 408. Calculate m(-8).
120
Let w(u) = 13*u - 134. Give w(10).
-4
Let i(f) = 2*f**2 + 23*f + 36. Calculate i(-10).
6
Let j(i) = 13*i + 326. Give j(-2).
300
Let m(l) = l**3 + 49*l**2 + 52*l + 184. Calculate m(-48).
-8
Let d(t) = -5*t**2 - 53*t - 102. Calculate d(-11).
-124
Let r(c) = 111*c + 554. Give r(-5).
-1
Let t(z) = -118*z + 1531. Determine t(13).
-3
Let a(h) = 15*h**3 - 5*h + 24. Determine a(3).
414
Let t(p) = 7*p**2 - 112*p + 575. Give t(5).
190
Let b(x) = -38*x - 561. What is b(-16)?
47
Let m(x) = -2*x + 71. Calculate m(28).
15
Let b(l) = -30*l**2 - 1258*l - 61. What is b(-42)?
-145
Let t(a) = a**3 - 87*a**2 + 158*a + 1017. Calculate t(85).
-3
Let q(t) = -156*t + 453. Determine q(3).
-15
Let x(q) = -q**3 - 22*q**2 - 55*q - 160. Give x(-19).
-198
Let u(s) = s**3 + 9*s**2 + 123*s + 1310. What is u(-10)?
-20
Let w(t) = t**3 + 7*t**2 + 19*t + 12. What is w(-3)?
-9
Let t(z) = -2*z**3 + 18*z**2 - 47*z + 294. Determine t(8).
46
Let h(t) = -t**3 + 50*t**2 - 320*t + 829. Calculate h(43).
12
Let f(b) = -49*b**2 + 31*b + 21. What is f(2)?
-113
Let g(p) = p**3 - 70*p**2 + 135*p + 64. Give g(68).
-4
Let b(f) = 379*f - 2282. What is b(6)?
-8
Let x(k) = k**3 + 40*k**2 + 41*k + 158. What is x(-39)?
80
Let b(s) = s**3 - 50*s**2 - 100*s - 339. Calculate b(52).
-131
Let y(k) = -213*k + 352. Calculate y(2).
-74
Let p(u) = -1564*u + 10951. Calculate p(7).
3
Let u(z) = -z**3 + 67*z**2 - 24*z + 544. What is u(67)?
-1064
Let g(h) = 2*h**2 - 44*h + 48. What is g(1)?
6
Let t(n) = 5*n**2 + 51*n + 150. Determine t(-6).
24
Let z(g) = -2*g**2 + 114*g - 647. Give z(6).
-35
Let z(i) = 260*i + 70. What is z(-2)?
-450
Let r(p) = -59*p - 1882. What is r(-30)?
-112
Let o(f) = f**3 + 25*f**2 + 4*f + 94. Determine o(-25).
-6
Let h(r) = 8*r**2 - 88*r - 87. Calculate h(-1).
9
Let w(r) = r**2 + 86*r - 847. Give w(9).
8
Let c(x) = -2*x**3 + 38*x**2 - 42*x + 105. Determine c(18).
-3
Let p(g) = -531*g - 3727. What is p(-7)?
-10
Let k(x) = -x**3 + 9*x**2 + 104*x - 912. Give k(8).
-16
Let a(t) = -358*t - 266. Calculate a(-1).
92
Let p(i) = -2*i + 116. Give p(54).
8
Let y(q) = 5*q + 124. Determine y(11).
179
Let d(t) = 15*t**2 + 119*t + 45. Determine d(-7).
-53
Let u(m) = m**3 + 6*m**2 + m - 23. Calculate u(-7).
-79
Let z(c) = 57*c**3 + 10374*c**2 - c - 188. Calculate z(-182).
-6
Let p(w) = w**3 - 23*w**2 + 42*w + 2. Determine p(21).
2
Let b(l) = -l**2 + 25*l. Calculate b(0).
0
Let c(v) = -80*v + 17164. What is c(215)?
-36
Let r(i) = 381*i - 6862. Give r(18).
-4
Let t(v) = v**3 - 51*v**2 + 43*v + 323. Determine t(50).
-27
Let a(d) = d**3 + 3*d**2 - d + 51. Determine a(-5).
6
Let t(m) = -6*m**2 - 9*m + 117. What is t(-5)?
12
Let y(h) = 12*h**3 - 180*h**2 - 4*h + 51. Give y(15).
-9
Let s(a) = 6*a**3 - 103*a**2 + 26*a - 148. Determine s(17).
5
Let o(u) = -2*u**2 + 66*u - 28. Calculate o(29).
204
Let b(s) = -9*s**3 - 22*s**2 + 5*s - 2. Determine b(-4).
202
Let s(p) = -61*p**2 - 5*p - 4. What is s(-2)?
-238
Let q(x) = -4*x**2 + 21*x - 39. What is q(4)?
-19
Let g(f) = 113*f + 1273. Determine g(-11).
30
Let d(s) = -34*s - 136. Give d(6).
-340
Let l(y) = y**3 + 25*y**2 + 47*y - 1269. What is l(-19)?
4
Let m(l) = -2*l**3 - 4*l**2 + 188*l + 543. Give m(-3).
-3
Let q(t) = -69*t - 458. Calculate q(-7).
25
Let o(x) = 50*x - 30. What is o(2)?
70
Let h(s) = -s**3 - 13*s**2 + 47*s - 13. Determine h(-16).
3
Let o(r) = r**3 - 7*r**2 + 8*r - 143. What is o(8)?
-15
Let b(i) = -3733*i - 18661. What is b(-5)?
4
Let v(q) = 7*q**3 + 119*q**2 + 12*q + 159. Calculate v(-17).
-45
Let u(q) = -5*q**2 + 230*q - 106. Calculate u(45).
119
Let w(r) = -17*r**2 + 867*r - 4589. Give w(6).
1
Let u(z) = -3*z**2 + 554*z + 1103. Determine u(-2).
-17
Let b(z) = 306*z + 3681. Calculate b(-12).
9
Let k(p) = 86*p**2 + 593*p - 57. What is k(-7)?
6
Let s(b) = b**2 - 64*b + 357. Give s(58).
9
Let z(c) = c**2 + 204*c + 802. What is z(-4)?
2
Let y(t) = 2*t**3 + 572*t**2 + 7*t + 2007. What is y(-286)?
5
Let y(q) = -5*q**2 + 195*q + 1088. Determine y(44).
-12
Let q(l) = -l**2 - 15*l + 4. Determine q(8).
-180
Let a(b) = 69*b - 277. Calculate a(5).
68
Let c(x) = x**3 - 39*x**2 - 123*x - 79. What is c(42)?
47
Let m(k) = -k**3 - 10*k**2 - 21*k + 24. Determine m(-10).
234
Let g(t) = 514*t - 418. What is g(1)?
96
Let v(m) = 2*m**2 + 161*m + 1058. Calculate v(-7).
29
Let z(i) = 4*i**2 + 44*i - 502. What is z(7)?
2
Let b(s) = 6*s**3 + 6*s**2 - 5*s + 1. Calculate b(3).
202
Let z(h) = -536*h - 8999. Determine z(-17).
113
Let c(n) = -n**2 + 2497*n - 17424. Calculate c(7).
6
Let k(p) = -2*p**2 - 163*p - 3203. Calculate k(-49).
-18
Let a(g) = 36*g - 142. What is a(4)?
2
Let r(g) = 79*g - 627. What is r(8)?
5
Let v(l) = 9*l**2 + 169*l - 170. Calculate v(1).
8
Let p(y) = -4*y**3 + 23*y**2 - 8*y - 12. Calculate p(5).
23
Let o(b) = 105*b + 1045. Give o(-10).
-5
Let q(u) = -3*u**2 - 4*u - 5. Give q(-1).
-4
Let g(f) = -2*f**2 + 42*f + 2030. Determine g(44).
6
Let c(x) = 2*x**2 + 118*x + 559. What is c(-5)?
19
Let q(g) = -g**2 - 475*g + 2855. Calculate q(6).
-31
Let x(k) = 40*k - 163. Determine x(4).
-